{"id":2,"date":"2021-06-12T09:29:04","date_gmt":"2021-06-12T09:29:04","guid":{"rendered":"https:\/\/pjesmemirisnihnota.com\/?page_id=2"},"modified":"2021-06-12T13:00:26","modified_gmt":"2021-06-12T13:00:26","slug":"sample-page","status":"publish","type":"page","link":"https:\/\/pjesmemirisnihnota.com\/index.php\/sample-page\/","title":{"rendered":"O meni"},"content":{"rendered":"\n<h3>Ines Tonkli Legovi\u0107 <\/h3>\n\n\n\n<p><\/p>\n\n\n\n<p>Zovem se Ines i imam 29 godina. <br>Ro\u0111ena u Sloveniji, dolazim iz Karlovca, a posljednjih 5 godina \u017eivim u Puli.<br>Po struci sam u\u010diteljica i odgojiteljica, trenutno na porodiljnom s 9-omjese\u010dnim dje\u010dakom Evanom.<br>Volim djecu i \u017eivotinje, glazbu i ples, eteri\u010dna ulja i prirodnu kozmetiku.<br>Poku\u0161avam \u017eivjeti u skladu s prirodom i dijelim svoja \u017eivotna iskustva. <\/p>\n\n\n\n<p>Dobro do\u0161li na nekoliko stranica moga \u017eivota!<\/p>\n\n\n\n<figure class=\"wp-block-image size-large\"><img loading=\"lazy\" width=\"1024\" height=\"683\" src=\"https:\/\/pjesmemirisnihnota.com\/wp-content\/uploads\/2021\/06\/1039F4C4-60A4-4737-86DE-486AA81572F4-1024x683.jpeg\" alt=\"\" class=\"wp-image-28\" srcset=\"https:\/\/pjesmemirisnihnota.com\/wp-content\/uploads\/2021\/06\/1039F4C4-60A4-4737-86DE-486AA81572F4-1024x683.jpeg 1024w, https:\/\/pjesmemirisnihnota.com\/wp-content\/uploads\/2021\/06\/1039F4C4-60A4-4737-86DE-486AA81572F4-300x200.jpeg 300w, https:\/\/pjesmemirisnihnota.com\/wp-content\/uploads\/2021\/06\/1039F4C4-60A4-4737-86DE-486AA81572F4-768x512.jpeg 768w, https:\/\/pjesmemirisnihnota.com\/wp-content\/uploads\/2021\/06\/1039F4C4-60A4-4737-86DE-486AA81572F4-1536x1024.jpeg 1536w, https:\/\/pjesmemirisnihnota.com\/wp-content\/uploads\/2021\/06\/1039F4C4-60A4-4737-86DE-486AA81572F4-90x60.jpeg 90w, https:\/\/pjesmemirisnihnota.com\/wp-content\/uploads\/2021\/06\/1039F4C4-60A4-4737-86DE-486AA81572F4.jpeg 1620w\" sizes=\"(max-width: 1024px) 100vw, 1024px\" \/><\/figure>\n","protected":false},"excerpt":{"rendered":"<p>Ines Tonkli Legovi\u0107 Zovem se Ines i imam 29 godina. Ro\u0111ena u Sloveniji, dolazim iz Karlovca, a posljednjih 5 godina \u017eivim u Puli.Po struci sam u\u010diteljica i odgojiteljica, trenutno na porodiljnom s 9-omjese\u010dnim dje\u010dakom Evanom.Volim djecu i \u017eivotinje, glazbu i ples, eteri\u010dna ulja i prirodnu kozmetiku.Poku\u0161avam \u017eivjeti u skladu s prirodom i dijelim svoja \u017eivotna iskustva. Dobro do\u0161li na nekoliko &hellip; <\/p>\n","protected":false},"author":1,"featured_media":0,"parent":0,"menu_order":0,"comment_status":"closed","ping_status":"open","template":"","meta":{"om_disable_all_campaigns":false,"_monsterinsights_skip_tracking":false,"_monsterinsights_sitenote_active":false,"_monsterinsights_sitenote_note":"","_monsterinsights_sitenote_category":0},"_links":{"self":[{"href":"https:\/\/pjesmemirisnihnota.com\/index.php\/wp-json\/wp\/v2\/pages\/2"}],"collection":[{"href":"https:\/\/pjesmemirisnihnota.com\/index.php\/wp-json\/wp\/v2\/pages"}],"about":[{"href":"https:\/\/pjesmemirisnihnota.com\/index.php\/wp-json\/wp\/v2\/types\/page"}],"author":[{"embeddable":true,"href":"https:\/\/pjesmemirisnihnota.com\/index.php\/wp-json\/wp\/v2\/users\/1"}],"replies":[{"embeddable":true,"href":"https:\/\/pjesmemirisnihnota.com\/index.php\/wp-json\/wp\/v2\/comments?post=2"}],"version-history":[{"count":4,"href":"https:\/\/pjesmemirisnihnota.com\/index.php\/wp-json\/wp\/v2\/pages\/2\/revisions"}],"predecessor-version":[{"id":31,"href":"https:\/\/pjesmemirisnihnota.com\/index.php\/wp-json\/wp\/v2\/pages\/2\/revisions\/31"}],"wp:attachment":[{"href":"https:\/\/pjesmemirisnihnota.com\/index.php\/wp-json\/wp\/v2\/media?parent=2"}],"curies":[{"name":"wp","href":"https:\/\/api.w.org\/{rel}","templated":true}]}}